*o - s - 593, 4*o = -b + 1767. Is o prime?
True
Let u(j) = 28*j**2 - 3*j - 3. Suppose 0 = 2*s - 1 + 3. Let r be s/(-1 + 0)*-2. Is u(r) a prime number?
False
Is (1*2)/((-16)/(-664)) prime?
True
Let w be ((-4)/2)/(2/(-25)). Let q = w + -9. Suppose -4*a + 22 = -4*v - 66, -q = -4*v. Is a prime?
False
Is ((-9)/(-9))/(1/127) a composite number?
False
Let a(w) = 2*w**2 - 5*w + 2. Let o be a(3). Let r be ((-8)/o)/((-6)/15). Suppose 0*j + 2*l + 27 = 3*j, 0 = r*j - 5*l - 43. Is j composite?
False
Let a = 281 - 96. Is a a composite number?
True
Suppose 5*u + 3 = -12. Is (-212)/(-6) + 1/u a prime number?
False
Let m(p) = 49*p - 3. Let i = 5 - 3. Is m(i) a prime number?
False
Suppose 6*w - 3*w = -4*x + 451, 0 = -4*x + 5*w + 411. Let a = 188 - x. Is a a prime number?
True
Let z = 278 - 139. Is z a composite number?
False
Suppose -2*l + 817 = k, 1334 = 5*l + k - 716. Is l a prime number?
False
Let z(r) = 58*r**2 + r - 59. Is z(-10) composite?
True
Suppose -2*d + 3*d - 532 = -5*x, -4*d + 2062 = -2*x. Is d a prime number?
False
Is (262/(-4))/(19/(-114)) a composite number?
True
Let t(j) = j**3 - 7*j**2 + 9*j + 4. Let d = 8 + -1. Is t(d) a composite number?
False
Let q = 10 - 6. Let x be q/6*(-6)/4. Is (3 + -2)/(x/(-47)) prime?
True
Let i(l) = 4*l**2 + 3*l. Let a be i(7). Let y = 121 - a. Let r = y - -135. Is r prime?
False
Let r be (0 + 1 + 0)*-2. Is (-1 + 16)*r/(-2) composite?
True
Let u be 43/(-3) + 3/9. Let q = 29 + u. Is q prime?
False
Suppose 3*o - r = -0*o + 2207, -2*r = -8. Is o a prime number?
False
Let r(i) = 28*i - 6. Is r(4) a prime number?
False
Let z = 11 - 6. Suppose -z*o = 0, 4*o - 34 = -u - 1. Is u a prime number?
False
Let r = -21 - -21. Suppose r = 5*d - 69 - 116. Is d a prime number?
True
Let p be -4*4/((-24)/2187). Suppose -p = -5*c - 148. Is c/4*(6 + -4) a prime number?
True
Let m be 3/(-2)*-1*2. Suppose -3*c + 142 = f - 142, 3*f = -m*c + 294. Suppose 0 = -w - 2*w + c. Is w a composite number?
False
Suppose q + l - 1365 = 0, -2*q - l + 708 = -2018. Is q a prime number?
True
Suppose p + p - 162 = 0. Suppose -34 - p = -i. Is i a prime number?
False
Let x = 2903 + -1936. Is x a composite number?
False
Suppose -758 = -5*k + 1707. Is k composite?
True
Suppose 0 = -5*n - a + 35, 0 = a - 5*a + 20. Let u = -3 + n. Suppose -u*q = -0*q - 153. Is q prime?
False
Let u be 1/4 - 179/(-4). Let d be (-1)/(0 + -1) + u. Let j = d + -21. Is j a prime number?
False
Is (0 + -13 - 0)*-1 composite?
False
Let q(o) = o**3 + 3*o**2 - 5*o - 6. Let w be q(8). Suppose -p = -5*m + 1102, w + 241 = 4*m + 5*p. Is m a composite number?
True
Suppose -20644 = -2*d - 2*d. Is d a prime number?
False
Let m(q) = -33*q - 1. Let x be m(-1). Let f = 17 + x. Is f prime?
False
Let n be 5 - (-2 + (-3 - -7)). Is 117/3 + (n - 5) composite?
False
Suppose 3*u - l + 0*l - 792 = 0, 5*u = -5*l + 1300. Is u a composite number?
False
Let f be 3 - 4 - (-20 - 1). Suppose h = -3*a + 4*h - 96, -2*h - f = a. Let b = 95 + a. Is b composite?
False
Let p be (4 - 1) + (-1 - -4). Suppose 5*c - p*c = -355. Is c a prime number?
False
Suppose -5*q + 1496 = 31. Is q prime?
True
Let p = -1494 + 3621. Is p a prime number?
False
Let x(q) = -q**3 + 2*q**2 + 2*q - 1. Let w be x(-4). Is w + 2 - (1 + -1) a prime number?
True
Let r = 457 + 288. Is r composite?
True
Suppose -2*b - 3*b = 5*a - 1315, 1342 = 5*a - 4*b. Let g = a - 183. Is g composite?
False
Let q(n) = 4*n**2 - 13 - n**2 - 4*n**2 + 14*n + 3*n**2. Let j be q(-11). Suppose 2*y - 229 = -j. Is y a composite number?
True
Suppose 4*y - j - 19 = 0, -4*j + 3*j + 1 = y. Let t be ((-10)/y - -2)*-4. Let c = 5 - t. Is c a prime number?
True
Suppose 6*t = 11*t - 35285. Is t a prime number?
True
Let g(c) be the third derivative of c**5/60 - 5*c**4/12 + 2*c**3/3 + c**2. Let d be g(6). Let o = -1 - d. Is o a composite number?
False
Let u(b) = -b**2 + 6*b - 4. Let f be u(4). Suppose a + 0*a - 71 = -3*s, 317 = 5*a - f*s. Is a prime?
False
Suppose -2*z - 6 = -3*j, 2*j = 5*j - 3*z - 3. Suppose 0 = -0*m - j*m + 156. Is m prime?
False
Let s(r) = -r**2 - 7*r. Let w be s(-7). Suppose x = -w + 3. Suppose 84 = 5*t + x*o, -t - 3*o + 24 = -0*t. Is t composite?
True
Let n(j) = 7*j**2 - 8*j + 13. Let a(p) = -6*p**2 + 9*p - 13. Let o(u) = -5*a(u) - 4*n(u). Is o(14) composite?
False
Let b(c) = 50*c + 4. Let t(m) = -49*m - 5. Let v(u) = 6*b(u) + 5*t(u). Is v(2) prime?
True
Let y(q) = 2*q**2 + 1 - 3*q + 3*q**2 - 4*q**2. Let t be y(4). Suppose 0 = 3*a - 5*f - 192, 3*a - t*a + 4*f + 130 = 0. Is a composite?
False
Let g be 19/2 - (-1)/2. Let r = g + -7. Suppose 4*c = r*c + w + 42, -5*c + 178 = 3*w. Is c a prime number?
False
Let d be 5/(10/3)*2. Let y(h) = h**2 - 5*h + 3. Let a be y(d). Is (-92 - 1)*a/9 a composite number?
False
Suppose 2*l - 171 = 147. Let i(c) = -c**3 - 13*c**2 - 12*c + 6. Let n be i(-12). Is l/2 - n/12 prime?
True
Let q = -1052 - -2005. Is q a prime number?
True
Suppose -3*d + 5*w + 1141 = 0, 2*w - 11 = -3. Suppose 4*j = -0*j + 1072. Let x = d - j. Is x composite?
True
Let w be (-1 + 0)*2 - -4. Suppose 3*a = w*b - 0*a - 71, -15 = 5*a. Is b a prime number?
True
Let y = -4 - -4. Let s = -1 + y. Is (-6)/(-2 - (-2 - s)) a composite number?
True
Suppose 5*d - 19 - 5 = p, -2*d + 16 = -2*p. Suppose m + 5*v - 415 = -d*m, 0 = m + 2*v - 79. Is m a prime number?
False
Let y be 12/(-2)*72/16. Let m be -2*(-2)/4*y. Let o = m - -40. Is o prime?
True
Let x be (-8)/(-28) + (-1695)/(-21). Let u = 118 - x. Is u a prime number?
True
Let y = 715 - 396. Is y a composite number?
True
Suppose 5*i = -2*t - 325, 0 = t + i + i + 164. Let h = t + 370. Is h/14 - 10/35 prime?
False
Suppose 2*m + 348 = 2*f, 3*m = -3*f + 2*f + 186. Is f a prime number?
False
Let x be (-38)/9 - (-2)/9. Suppose 10*p - 14*p + 8 = 0. Is p/x*(0 - 106) prime?
True
Let q(s) = -s**3 + 9*s**2 - 6*s + 6. Suppose 4*n - 2*o = 20, 2*n - 4*n + 16 = -4*o. Is q(n) a prime number?
False
Let x = 2 + 0. Suppose o - 3*p = -x, -5*p = 2*o - 0*o - 18. Suppose -d - o*d = -815. Is d a composite number?
False
Let p = 50 - -147. Let g = p + -86. Is g a composite number?
True
Let l be (-19)/(-5) - (-16)/(-20). Suppose 4*x - 18 = -2*c, -3*c = -0*c - 15. Suppose l*w - 37 = x*w. Is w a prime number?
True
Let n be (3/6)/((-1)/4). Is 91 + (1 - 1)/n prime?
False
Suppose 5*v - 2 = 2*o, 0*v + 4 = -2*v - 4*o. Suppose v = 4*x - 3*x - 3. Suppose -2*n - x*n = -35. Is n a composite number?
False
Suppose 0 = -5*f + 2*f + 966. Suppose 3*n + f = 5*n. Is n prime?
False
Let k = 1578 + -887. Is k prime?
True
Suppose -5*g + 105 + 25 = 0. Is g a composite number?
True
Is (-7)/((-14)/2224) - -5 a composite number?
False
Suppose 0 = 5*r - 8 - 12. Suppose -r*m + 3*x = 9, 5*m - 5*x = 2*m - 15. Suppose -5*t + 0*t + 195 = m. Is t prime?
False
Let u(z) = -442*z - 35. Is u(-4) a prime number?
True
Let a(d) = d**2 - d + 0*d - d. Let w be a(3). Suppose -b + 24 = w*b. Is b a prime number?
False
Suppose 0 = -5*b + 5*f + 435, -3*b - 6*f + 237 = -3*f. Is b a composite number?
False
Is 212 + 4*(-1)/(-4) prime?
False
Suppose 48 = x + 3*x. Suppose 0 = -5*p - x + 472. Suppose -u - p = -5*u. Is u a composite number?
False
Suppose g - 101 = 4*t, 2*t - 5*g + 15 = -58. Let o be t/(-20)*20/6. Suppose -3*w = o*k - 338, -66 = 3*k - 5*w - 305. Is k a prime number?
True
Suppose 5*y + 2241 = 2*y. Is (4 + 0)*y/(-36) composite?
False
Suppose 4*r = r - 9. Let k = r - -10. Suppose -5*m = -238 - k. Is m composite?
True
Let h(f) = -f**3 + f + 192. Let s be h(0). Suppose 3*m = 0, 2*g = m - 34 + s. Is g a composite number?
False
Suppose 0 = -3*z, -2*c - 113 - 33 = 5*z. Let b = -42 - c. Is b a prime number?
True
Suppose -2*m = -2*b + 8288, 2*b + 8312 = 4*b + 4*m. Suppose f = -3*f - b. Is 6/(-24) - f/4 a prime number?
False
Let t be 1*(2 + -6 + 2). Let b be 3*(t - (2 - 31)). Suppose -2*v + 2*n = -14 - 26, 0 = 3*v + 4*n - b. Is v prime?
True
Suppose 4*x + 5*s - 99 = 0, -3*s = 2 + 1. Is x a prime number?
False
Is (921/3)/(0 + 1) a prime number?
True
Suppose 6*j + 0*j = 2514. Is j prime?
True
Let s = 2 - 3. Let l(p) = -15*p + 1 + 2*p - 3*p - 2. Is l(s) prime?
False
Let g(u) = 635*u - 31. Is g(6) prime?
True
Suppose p - 614 = 2*p. Is (-16)/(-24) - p/6 composite?
False
Let y(v) = -3*v + 3. Let d be y(4). Let f = 15 + d. Suppose w - f*w + 295 = 0. Is w prime?
True
Suppose z - 90 = 399. Is z prime?
False